(14)?
8
Let m(t) = -6*t**3 - 3*t**2 + 3*t + 2. Give m(-3).
128
Let g(m) = m**3 - 2*m**2 - 2*m. Calculate g(3).
3
Let o(u) = -u**3 - 10*u**2 - 7*u + 4. What is o(-9)?
-14
Let q(n) = 2*n - 21. Determine q(13).
5
Let r(p) = 8*p + 4. What is r(3)?
28
Let d(j) = -j + 2. What is d(-6)?
8
Let i(m) = -26*m**2 + 2*m + 1. What is i(-1)?
-27
Let k(v) = -v**3 + 8*v**2 + 11*v - 12. What is k(9)?
6
Let w(g) = g**2 - g - 3. Calculate w(-2).
3
Let n(c) = c**2 + 47*c - 88. Determine n(2).
10
Let p(d) = 2*d**2 - 8*d - 8. What is p(6)?
16
Let d(p) = -2*p**3 + 33*p**2 + 13*p + 64. Determine d(17).
-4
Let b(x) = -4*x - 49. Determine b(-14).
7
Let o(n) = -n**3 + n - 2. Give o(2).
-8
Let y(k) = -6*k + 21. What is y(5)?
-9
Let y(s) = -7*s + 20. What is y(2)?
6
Let r(p) = -17*p + 105. Give r(6).
3
Let m(u) = -44*u**2. What is m(-1)?
-44
Let d(p) = 2*p + 11. Determine d(10).
31
Let s(l) = l**2 + l + 32. Determine s(0).
32
Let t(b) = b + 3. What is t(4)?
7
Let l(c) = 56*c + 113. Calculate l(-2).
1
Let l(t) = -t**3 - 3*t**2 + 3*t + 3. Calculate l(-3).
-6
Let g(q) = q**2 - 21*q - 1. Give g(4).
-69
Let y(u) = 10*u + 55. Determine y(-6).
-5
Let d(k) = k**3 - 7*k**2 + 12*k - 7. What is d(4)?
-7
Let o(c) = c**2 - 15*c - 40. What is o(17)?
-6
Let n(v) = 4*v**2 - v + 1. Calculate n(1).
4
Let p(h) = h - 83. What is p(12)?
-71
Let l(z) = -z**3 - 5*z**2 - 4*z + 3. Give l(-3).
-3
Let p(b) = -b + 1. What is p(-11)?
12
Let m(x) = x**2 - 35. Calculate m(-6).
1
Let t(y) = y**3 - 3*y**2. What is t(3)?
0
Let v(f) = 5*f**2 - 3*f + 2. Give v(2).
16
Let j(l) = l - 17. Determine j(-15).
-32
Let l(t) = -9*t - 80. Determine l(-21).
109
Let i(n) = -11*n**2 + n - 5. Determine i(2).
-47
Let o(q) = -q**3 - 48*q**2 - 52*q - 237. What is o(-47)?
-2
Let a(z) = -z**3 + 4*z**2 + 44*z - 3. What is a(-5)?
2
Let j(u) = -5*u + 5. What is j(4)?
-15
Let c(i) = -2*i + 3. Determine c(2).
-1
Let m(l) = -2*l**2 - 7*l + 28. Determine m(-6).
-2
Let t(u) = 10*u - 19. Give t(7).
51
Let p(s) = -s**3 + 8*s**2 - 16*s + 15. What is p(5)?
10
Let s(b) = 6*b - 11. Give s(2).
1
Let u(n) = n**2 - 16*n + 62. Determine u(9).
-1
Let d(w) = -w**3 + 9*w**2 - 10*w + 3. Calculate d(7).
31
Let f(n) = -n**3 - 3*n**2 + 14*n - 21. Give f(-6).
3
Let s(z) = -2*z**3 - z**2 - 4*z + 3. Determine s(2).
-25
Let t(g) = 3*g + 10. Determine t(-4).
-2
Let g(t) = t**3 + 15*t**2 + 44*t + 4. Calculate g(-4).
4
Let s(j) = 4*j**2 - 3*j + 14. Give s(6).
140
Let t(y) = 6*y + 129. What is t(0)?
129
Let k(h) = h**3 - 8*h**2 - 11*h. Give k(9).
-18
Let i(r) = -5*r + 8. Give i(3).
-7
Let w(o) = 6*o**2 - 10*o + 20. Give w(2).
24
Let y(o) = -22*o + 51. Give y(6).
-81
Let a(c) = -c**3 - 7*c**2 - 2*c - 1. Determine a(-4).
-41
Let l(v) = v - 1. Give l(5).
4
Let t(c) = c**3 + 4*c**2 - 8*c - 4. Give t(-5).
11
Let y(l) = -5*l**2 - 6*l - 4. Give y(-2).
-12
Let s(k) = k**2 + 11*k - 13. Give s(-12).
-1
Let r(h) = 2*h**2 - 58*h + 64. Calculate r(28).
8
Let o(z) = z**3 + 10*z**2 - 2*z - 13. Calculate o(-10).
7
Let w(d) = -d**2 + 5*d - 2. Determine w(3).
4
Let f(h) = -h**3 - h**2 - 35. Determine f(0).
-35
Let z(u) = -u**3 - 19*u**2 - 18*u + 40. What is z(-18)?
40
Let q(z) = -5*z**2 + 64*z - 13. Calculate q(12).
35
Let b(x) = -x**3 + 13*x**2 - 13*x - 7. Calculate b(12).
-19
Let s(j) = -46*j + 22. Determine s(-4).
206
Let h(d) = -d**2 + 5*d - 11. What is h(5)?
-11
Let d(q) = q**2 - 4*q + 3. What is d(2)?
-1
Let a(m) = 3*m**2 - 8*m - 13. Calculate a(-5).
102
Let c(u) = 2*u**2 - 31*u + 8. Determine c(16).
24
Let v(d) = -d**2 - 8*d - 7. Determine v(-6).
5
Let l(p) = -3*p - 50. Determine l(-18).
4
Let h(s) = s**3 - 8*s**2 - 2*s + 1. Calculate h(8).
-15
Let j(b) = -b**2 + 10. Calculate j(0).
10
Let b(g) = 2*g + 6. Give b(4).
14
Let n(k) = 5*k + 12. Determine n(-11).
-43
Let b(i) = -2*i**2 - 4*i + 5. Determine b(-4).
-11
Let f(w) = -w**3 - w**2 - 3*w - 15. Determine f(0).
-15
Let g(p) = 11*p + 67. Calculate g(-7).
-10
Let u(p) = p**3 - p**2 - 4*p - 6. Calculate u(0).
-6
Let y(d) = 2*d**3 - 9*d**2 + 4*d + 4. Give y(4).
4
Let v(z) = -12*z**3 - 2*z**2 - 2*z - 1. Give v(-1).
11
Let r(s) = 2*s**2 - 4*s - 20. Give r(-3).
10
Let n(o) = -9*o. Calculate n(3).
-27
Let v(n) = -4*n + 13. What is v(3)?
1
Let a(l) = l**2 - 10. Give a(-4).
6
Let u(t) = -t**2 + 10*t + 13. Determine u(9).
22
Let x(w) = -w**3 + 8*w**2 - 3*w - 17. What is x(7)?
11
Let b(v) = 3*v**2 - 5*v + 3. What is b(3)?
15
Let j(n) = 3*n**2 + 19*n - 6. Give j(-6).
-12
Let x(n) = -28*n**2 - 1. Calculate x(-1).
-29
Let m(y) = -y**3 - 3*y + 1. Determine m(2).
-13
Let u(i) = -2*i**3 - 2*i**2 - 2*i - 10. What is u(0)?
-10
Let n(o) = -o**3 - 5*o**2 + 7*o + 19. Determine n(-6).
13
Let q(h) = -h**3 + 8*h**2 - 7*h + 7. Determine q(5).
47
Let c(y) = 2*y - 12. Determine c(5).
-2
Let t(q) = q**3 - 7*q**2 - 12*q + 24. Calculate t(8).
-8
Let i(z) = 12*z + 9. Determine i(-4).
-39
Let k(s) = 2*s**3 + 11*s**2 + 2*s + 7. What is k(-5)?
22
Let i(l) = -2*l + 12. What is i(-22)?
56
Let b(j) = 6*j - 6. Give b(-6).
-42
Let w(k) = -k**3 + 7*k**2 - 10*k + 7. What is w(4)?
15
Let i(v) = -2*v**3 + 3*v**2 + v - 3. Determine i(3).
-27
Let w(z) = z**3 - 6*z**2 - 9*z + 19. Determine w(7).
5
Let q(l) = -l**2 - 7*l + 3. Give q(-8).
-5
Let w(m) = m**2 + 13*m + 8. Determine w(-12).
-4
Let k(g) = g**3 - 5*g**2 - 6*g + 3. Calculate k(6).
3
Let f(j) = -4*j - 13. What is f(-19)?
63
Let r(y) = -y**3 + 10*y**2 - 7*y + 5. Determine r(9).
23
Let n(z) = 2*z**2 + 6*z + 4. What is n(-5)?
24
Let q(o) = -5*o**3 - o**2 - 4*o - 2. Calculate q(-2).
42
Let p(s) = -s**2 - 10*s + 101. Calculate p(6).
5
Let n(q) = q**3 + 12*q**2 - 32*q - 11. What is n(-14)?
45
Let j(b) = 11*b**3 - 3*b**2 + b + 3. Determine j(-1).
-12
Let k(x) = -x**3 - 3*x**2 + 4*x + 2. What is k(-4)?
2
Let p(k) = -k**3 - k**2 - 2*k - 2. Give p(-2).
6
Let i(o) = o**2 - 42*o + 447. Calculate i(21).
6
Let k(n) = 3*n**2 + 14*n - 14. What is k(1)?
3
Let v(b) = -b**2 - b - 3. What is v(5)?
-33
Let q(p) = 3*p**2 + 12*p + 14. Calculate q(-4).
14
Let f(r) = -r + 49. Determine f(17).
32
Let m(b) = -11*b + 13. Calculate m(1).
2
Let u(m) = -6*m**2 + m - 1. What is u(1)?
-6
Let y(h) = 4*h**2 - 22*h + 7. Give y(5).
-3
Let j(u) = u**3 - 25*u**2 + 26*u - 31. Determine j(24).
17
Let d(q) = -q**3 + 3*q**2 + 6*q. What is d(4)?
8
Let h(g) = 11*g - 2. Calculate h(1).
9
Let z(q) = 6*q + 7. Calculate z(-9).
-47
Let m(r) = -r**3 + 7*r**2 + 8*r + 23. Calculate m(9).
-67
Let c(b) = -b**3 + 36*b**2 - 66*b - 60. Determine c(34).
8
Let b(u) = u + 23. Give b(-17).
6
Let i(g) = -g - 13. Determine i(12).
-25
Let u(b) = 14*b + 204. What is u(-15)?
-6
Let r(a) = -a**2 - 3*a + 3. Calculate r(-3).
3
Let c(m) = m - 4. What is c(3)?
-1
Let k(y) = y**2 + 9*y + 12. Determine k(-8).
4
Let b(r) = r**2 + 15*r + 6. Determine b(-15).
6
Let r(c) = -2*c**2 + 4. Calculate r(-3).
-14
Let r(x) = 2*x + 39. Give r(-13).
13
Let s(t) = 2*t**2 - 10*t + 9. Give s(4).
1
Let f(l) = l**3 - 17*l**2 - 14. Calculate f(17).
-14
Let j(n) = n**2 + 5*n - 2. Calculate j(-4).
-6
Let t(v) = -5*v - 35. Give t(-8).
5
Let f(g) = g**3 + 9*g**2 + 4*g + 119. Determine f(-10).
-21
Let q(l) = -5*l**3 + 2*l**2 - 3*l + 1. Calculate q(1).
-5
Let t(y) = y**3 - 10*y**2 + 14*y + 10. What is t(8)?
-6
Let w(o) = -2*o + 35. What is w(21)?
-7
Let c(u) = -u**3 + 8*u**2 - u + 6. Give c(8).
-2
Let d(r) = -63*r + 199. Calculate d(3).
10
Let v(y) = -43*y - 310. Give v(-7).
-9
Let x(b) = 11*b**3 + 3*b**2 - 3*b - 4. Determine x(-1).
-9
Let j(a) = -2*a**2 + 7*a. Give j(3).
3
Let l(w) = -w**3 - 11*w**2 + 40*w - 26. Give l(-14).
2
Let o(u) = -3*u + 19. Determine o(6).
1
Let o(z) = -6*z - 2. What is o(4)?
-26
Let v(m) = -4*m**2 - 7*m - 10. Determine v(-2).
-12
Let r(t) = 3*t**3 - t**2 + t + 1. What is r(2)?
23
Let b(k) = k**2 - 237*k + 1163. Give b(5).
3
Let t(m) = -m**3 - 2*m**2 + 26*m + 12. Determine t(-6).
0
Let z(a) = 5*a**2 - 198*a - 73. What is z(40)?
7
Let h(b) = 5*b**2 - 222*b - 108. What is h(45)?
27
Let y(k) = k**3 - 32*k**2 - 24*k - 297. What is y(33)?
0
Let a(b) = 3*b**3 - 4*b + 3. Determine a(1).
2
Let d(k) = k**3 + k**2 - 2*k - 5. Give d(-4).
-45
Let a(u) = u**2 + 20*u + 24. Give a(-19).
5
Let t(n) = n**3 - 24*n**2 + 3*n - 19. Calculate t(24).
53
Let y(o) = o**3 - 15*o**2 + 14*o + 2. Give y(14).
2
Let n(l) = 3*l + 32. What is n(0)?
32
Let c(h) = h**3 + 4*h**2 - 3*h. Give c(-4).
12
Let p(m) = 